rime factors of d(m)?
3
Suppose -i = y - 4*y + 164, 0 = 2*i + 4*y + 288. Let u = 233 + i. List the prime factors of u.
3
Suppose 7*t - 5*t + 3*c = 0, -5*c - 20 = 0. Suppose 190 = 3*u + 2*v, t*u + 175 = 9*u - v. List the prime factors of u.
2, 3, 5
Let y(a) = a**3 + 16*a**2 + 8*a + 131. Let n be y(-16). Suppose -g - n*b + 425 = b, 5*b = -3*g + 1289. List the prime factors of g.
433
Let s(r) = -r**3 - 102*r**2 + 1059*r + 159. What are the prime factors of s(-113)?
7, 41, 73
Let o(k) = -2*k**2 + 13*k - 42. Let c be o(8). Let b = 347 - c. What are the prime factors of b?
7, 59
Let j(f) = 39*f**2 + 565*f - 5163. List the prime factors of j(9).
3, 13, 79
Let t(s) = 291*s**3 - 12*s**2 + 3*s - 2. List the prime factors of t(4).
2, 9221
Suppose -33*j + 111681 + 347415 = 0. What are the prime factors of j?
2, 37, 47
Let k(v) = -122*v**3 - 36*v**2 - 184*v + 22. List the prime factors of k(-5).
2, 3823
Let w(l) = -l**2 - 219*l + 1393. List the prime factors of w(-113).
3, 4457
Let x be ((-180)/80)/(3/(-8)). Suppose 31 = x*w - 17. Suppose -2*f - w*f + 220 = 0. What are the prime factors of f?
2, 11
Suppose -5*v + 14 = -6. Suppose -3*s + v*o = -3933, -4*o + 6 = -2*o. List the prime factors of s.
5, 263
Suppose 0 = 7*i + 15 - 106. Let x be -1 + i - 2 - 0/(-9). What are the prime factors of 68/5*25/x?
2, 17
Let p(b) = 974*b - 5377. List the prime factors of p(19).
19, 691
Let j(c) = -5*c - 2*c + 0*c + 6*c + 63. List the prime factors of j(13).
2, 5
Suppose 2*t - 107 = 63. Suppose 924*o = 918*o + 90. List the prime factors of ((-6)/o)/((-1)/t).
2, 17
Let x(p) be the third derivative of -p**5/60 + p**4/8 + p**3/6 - 6*p**2. Let o be x(-2). Let a = o - -28. List the prime factors of a.
19
Let m(o) = -o - 6. Let s be m(-4). Suppose -15 = r + 25. List the prime factors of ((-4)/((-96)/66))/(s/r).
5, 11
Let j(a) = -99*a - 46. Suppose 0 = -t + 5 - 9. What are the prime factors of j(t)?
2, 5, 7
Let y(k) = 2*k**3 - 8*k**2 + 3*k - 123. List the prime factors of y(12).
3, 739
Let d(w) = w**3 - 2*w**2 - 6*w + 8. Let k = 15 + -11. Let p be d(k). Suppose -p*m = -18*m + 222. What are the prime factors of m?
3, 37
Let c = 137 + -133. Suppose 0 = c*t - 755 - 3117. Suppose 0 = -12*d + d + t. What are the prime factors of d?
2, 11
Suppose -4*q + 36*c + 26814 = 38*c, -19*q + 3*c + 127379 = 0. What are the prime factors of q?
2, 419
Let z(h) = h**3 - 8*h**2 + 5*h + 4. Suppose 2*u - 4 = -2*b + 6*u, -3*b + 2*u + 18 = 0. Let a be z(b). Let j = a - -219. List the prime factors of j.
263
Let x = 6 - 4. Suppose -2*m + 2*n + 12 = 0, -3*m - n + 43 = 25. Suppose m*c = x*c + 5*b + 484, -3*c + 390 = 3*b. List the prime factors of c.
2, 3, 7
Let a(z) be the first derivative of 695*z**2/2 - 2*z + 13. Let m be a(1). Suppose 0*u - m = -7*u. What are the prime factors of u?
3, 11
Let y(j) = -j**2 + 25*j - 52. Let v be y(23). Let z(r) = -r**3 + 3*r - 4. Let o be z(v). Suppose -i + o = i. What are the prime factors of i?
97
Let t be ((-8)/(-32))/((-2)/32*-2). Suppose t*b + 2*i = -306, -5*b + 7*b - 4*i = -318. What are the prime factors of 4/((-4)/1) - b?
2, 7, 11
Suppose -8*j - 86 = -9*j. Let o = 278 - j. Suppose -45*v = -43*v - o. What are the prime factors of v?
2, 3
Let g = -2742 - -1530. What are the prime factors of (g/(-21))/((-8)/(-28))?
2, 101
Let a(b) = 8*b - 1. Let x be a(1). Suppose 2*v - x*v + 10 = 0. List the prime factors of 140/v + 5 + -4.
71
Suppose 79*l = -73*l + 274056. What are the prime factors of l?
3, 601
Suppose -45290 = -4*n + 143*m - 141*m, 5*n + 3*m = 56618. What are the prime factors of n?
13, 67
Let c be 48/32*1/3*0. Suppose -650 = -2*f + j, j = -4*j. Suppose 4*q = b + f, q + q + b - 167 = c. List the prime factors of q.
2, 41
Let z(d) = 3*d**2 - 72*d + 134. Let j be z(22). Let g(f) = 8*f + 5*f - 3*f - 4. List the prime factors of g(j).
2
Suppose 0 = 102*q - 656260 + 148912. What are the prime factors of q?
2, 3, 829
Let a(f) = f + 16. Let m be a(-12). Suppose m*v - 108 = -o + 23, -4*v = -5*o + 607. Let q = o + -83. What are the prime factors of q?
2, 5
List the prime factors of (5069/74)/((-4915)/1230 - -4).
3, 41, 137
Suppose 4*v - 4*c - 34960 = 0, -6*v + 17456 = -4*v + 4*c. List the prime factors of v.
2, 3, 7, 13
Let m(x) be the third derivative of 3*x**4/8 + 7*x**3/6 - 3*x**2. Suppose h + 18 = 3*h. List the prime factors of m(h).
2, 11
What are the prime factors of 2 + 5 + 12/(-3) + 372?
3, 5
Let k(g) = -7*g**2 - 4*g - 82. Let f(r) = -12*r**2 - 6*r - 164. Let m(c) = -3*f(c) + 5*k(c). List the prime factors of m(-26).
2, 3, 5
Let a be -1*9 + (-14 - 143). Let r = a - -216. List the prime factors of r.
2, 5
Let c(z) = 551*z**3 - 2*z**2 + z + 2. Let s be c(1). Let t = -248 + s. What are the prime factors of t?
2, 19
Let r(f) = -362*f - 597. What are the prime factors of r(-15)?
3, 179
Let k be (-48)/32*(0 + 4/(-6)). List the prime factors of -4 + -1 + k + (3 - -347).
2, 173
Suppose 0 = -3*d + 5*d - 2*c - 366, 3*d - 546 = 2*c. Let p(h) = 12*h**2 - 421*h - 5. Let i be p(35). Let y = i + d. List the prime factors of y.
2, 5, 7
Let j be 3 + -5 + -2 - (-144 + -1). Let z = 631 - j. List the prime factors of z.
2, 5, 7
Suppose -4*u - 13240 = -4*j, -u = 5*j + 4*u - 16570. List the prime factors of j.
2, 3, 23
Let a be (-42)/35*10/(-4). Suppose -5*g = -a*z - 2*z + 965, z + 3*g - 177 = 0. What are the prime factors of z?
3, 7
Suppose -3*m + 3*d = -60, m + 3*d + 9 - 33 = 0. Let w be 6/(-14) - (-177)/m. List the prime factors of w*-8*6/(-3).
2
Let a be 10/15*12 - 4. Suppose 4 = -a*q + 12. Suppose 3*n + 452 = 4*i, 5*n = q*n - 12. What are the prime factors of i?
2, 5, 11
Let z be (-1)/(-3) + 310/6 + 0. Suppose 5*r - 22 = -z. List the prime factors of 0 + (-23)/(-3) + 4/r.
7
Let n(r) = r**2 - 39*r + 37. Let m be n(38). List the prime factors of (-4 + m)/((-25)/2615).
523
Let c be (-136450)/75 - (-4)/(-6). What are the prime factors of (c/(-9 + -1))/(1/3)?
2, 3, 7, 13
Suppose -3*y = 3*c + 51, 0 = 4*y - c - 3*c + 84. Let u(v) = -v**3 - 14*v**2 + 41*v - 17. What are the prime factors of u(y)?
1009
Let d(g) = -5*g**2 - 3*g - 4. Let b(p) = -7*p**2 - 4*p - 5. Let f(h) = -4*b(h) + 5*d(h). Let u be (-2)/6 + 28/(-6). List the prime factors of f(u).
2, 5, 7
Suppose 2*w = -2407 - 597. Let g = -754 - w. List the prime factors of g.
2, 11, 17
List the prime factors of (-34 - -15293)/(0 - -1 - 0).
15259
Suppose 853133 = -24*n - 11*n + 2423198. List the prime factors of n.
3, 19, 787
Let f(k) = -3*k**3 + 13*k**2 + 30*k - 44. List the prime factors of f(-13).
2, 4177
Let n = -511 + 1072. Suppose 558*t - n*t + 1167 = 0. What are the prime factors of t?
389
Let a = -244 - -562. List the prime factors of (10/36 + 2/9)*a.
3, 53
Suppose -14115 = 106*d - 111*d. What are the prime factors of d?
3, 941
Suppose -2*d + d - 1 = 0, 1 = -2*p - 5*d. Suppose 2*a = -p*f + 284 + 222, 4*a + f = 997. List the prime factors of a.
2, 31
Let t(n) = -2*n**3 - 15*n**2 - 272*n - 27. What are the prime factors of t(-15)?
2, 3, 619
Let k(h) = h + 8. Let x be k(-5). Let v be ((-902)/154)/(4/(-56)*2). Suppose -v = -x*n + 40. What are the prime factors of n?
3
Suppose -4731*t + 70024 = -4723*t. List the prime factors of t.
8753
Let o(h) be the third derivative of 0 + 3/4*h**4 - 8*h**2 + 0*h**3 + 0*h. List the prime factors of o(6).
2, 3
Let s(d) = 2*d**3 + 23*d**2 - 12*d + 4. Let j be s(-12). What are the prime factors of (-485*(-4)/(-30))/(j/(-42))?
7, 97
Let z = 20409 + -13119. List the prime factors of z.
2, 3, 5
Let o = -33376 - -50422. List the prime factors of o.
2, 3, 947
Suppose 10*a - 2027 - 5043 = 0. Suppose -a - 717 = -4*g. List the prime factors of g.
2, 89
Suppose 0 = -m + 40 + 74. Suppose -2*s = -4*i + 100 + 548, 4*i = 5*s + 648. Let c = i - m. List the prime factors of c.
2, 3
Let p(d) = 18*d + 115. Let b be p(-6). Suppose b*y + 475 = 2008. List the prime factors of y.
3, 73
Let i be -14*-16*1/2. Suppose r = -3*f + 64, 2*f = 3*r - 5*r + i. Suppose 21*q - r = 8*q. List the prime factors of q.
2
Let u(a) = -24*a**2 + 0 + 69*a**3 - 12 + 60*a**3 - 7*a - 133*a**3. What are the prime factors of u(-7)?
233
Let z = 3677 - 948. What are the prime factors of z?
2729
Let b(f) = 2*f + 1. Let c(m) = 105*m + 105. Let q(i) = 42*b(i) - c(i). List the prime factors of q(-18).
3, 5, 7
Let j be 96/9 - (2 - (-28)/(-12)). Suppose